de 1118?
True
Does 14 divide 224?
True
Is 504 even?
True
Does 3 divide 1838?
False
Does 2 divide 8712?
True
Does 19 divide 1053?
False
Does 24 divide 1152?
True
Is 16 a factor of 190?
False
Is 84 a factor of 1596?
True
Is 342 a multiple of 38?
True
Is 65632 a multiple of 11?
False
Is 828 a multiple of 92?
True
Does 3 divide 14218?
False
Is 11658 a multiple of 87?
True
Is 442 a multiple of 8?
False
Is 28 a factor of 2016?
True
Is 16 a factor of 5536?
True
Does 10 divide 4251?
False
Is 115 a multiple of 4?
False
Is 2744 a multiple of 56?
True
Is 70 a factor of 69160?
True
Is 224 a factor of 9856?
True
Is 635 a multiple of 17?
False
Is 33074 a multiple of 103?
False
Does 5 divide 165?
True
Does 44 divide 704?
True
Is 203 even?
False
Is 1248 a multiple of 4?
True
Is 920 a multiple of 27?
False
Is 45 a factor of 3949?
False
Is 7227 a multiple of 33?
True
Is 46 a factor of 42412?
True
Is 58525 a multiple of 14?
False
Is 175 a multiple of 5?
True
Is 2715 a multiple of 13?
False
Does 20 divide 20?
True
Does 21 divide 1562?
False
Is 1083 a multiple of 19?
True
Is 1276 a multiple of 22?
True
Does 11 divide 1689?
False
Is 59 a factor of 6844?
True
Does 5 divide 1589?
False
Is 56406 a multiple of 100?
False
Is 1551 a multiple of 5?
False
Does 3 divide 122?
False
Is 9 a factor of 42?
False
Is 54 a factor of 108?
True
Is 709 a multiple of 28?
False
Does 11 divide 462?
True
Is 110 a factor of 6050?
True
Is 236 a multiple of 5?
False
Does 35 divide 1365?
True
Is 95 a factor of 30115?
True
Is 2398 a multiple of 78?
False
Is 3 a factor of 546?
True
Is 21 a factor of 2100?
True
Does 3 divide 1849?
False
Does 2 divide 2347?
False
Does 126 divide 4361?
False
Is 540 a multiple of 15?
True
Is 5 a factor of 1615?
True
Does 21 divide 1913?
False
Is 6363 a multiple of 26?
False
Does 5 divide 517?
False
Is 7194 a multiple of 11?
True
Is 10948 a multiple of 17?
True
Is 34374 a multiple of 217?
False
Does 29 divide 1745?
False
Is 677 a multiple of 2?
False
Is 8 a factor of 392?
True
Is 272 a multiple of 3?
False
Is 3806 a multiple of 11?
True
Is 5 a factor of 2535?
True
Does 13 divide 490?
False
Does 3 divide 793?
False
Does 8 divide 568?
True
Is 11 a factor of 2975?
False
Does 19 divide 3291?
False
Is 54 a factor of 9072?
True
Is 940 a multiple of 13?
False
Is 379 a multiple of 16?
False
Is 79 a factor of 17775?
True
Is 13 a multiple of 2?
False
Does 67 divide 8957?
False
Is 2190 a multiple of 51?
False
Does 75 divide 1500?
True
Is 17 a factor of 16091?
False
Is 12 a factor of 7318?
False
Does 28 divide 476?
True
Does 3 divide 219?
True
Does 19 divide 22819?
True
Is 116 a factor of 17516?
True
Does 28 divide 252?
True
Is 13 a factor of 1495?
True
Does 18 divide 3672?
True
Does 6 divide 19865?
False
Is 353 even?
False
Is 24 a factor of 1376?
False
Is 16252 a multiple of 17?
True
Is 832 a multiple of 16?
True
Is 702 a multiple of 19?
False
Is 6 a multiple of 6?
True
Is 39 a factor of 2073?
False
Does 24 divide 775?
False
Is 43 a factor of 172?
True
Does 5 divide 1165?
True
Does 8 divide 596?
False
Is 4743 a multiple of 51?
True
Does 19 divide 16398?
False
Is 13 a factor of 7239?
False
Is 145918 a multiple of 265?
False
Does 30 divide 324?
False
Is 82 a factor of 2140?
False
Does 45 divide 958?
False
Is 28 a factor of 551?
False
Does 3 divide 32?
False
Is 4056 a multiple of 78?
True
Is 15 a factor of 660?
True
Does 10 divide 399?
False
Is 204 a multiple of 34?
True
Is 39429 a multiple of 164?
False
Does 99 divide 9504?
True
Does 71 divide 50978?
True
Is 54 a factor of 1105?
False
Does 11 divide 6581?
False
Is 47704 a multiple of 89?
True
Does 62 divide 1585?
False
Is 77 a factor of 1043?
False
Does 5 divide 215?
True
Is 5 a factor of 3957?
False
Is 339 a factor of 75667?
False
Does 14 divide 60018?
True
Is 119 a factor of 6188?
True
Is 8 a factor of 3432?
True
Is 25 a factor of 900?
True
Does 40 divide 3889?
False
Is 25760 a multiple of 10?
True
Does 15 divide 762?
False
Is 16 a factor of 1679?
False
Is 604 a multiple of 5?
False
Is 26 a factor of 1688?
False
Is 208 a factor of 18096?
True
Is 3381 a multiple of 21?
True
Is 234 a multiple of 13?
True
Is 6080 a multiple of 40?
True
Is 34 a factor of 18142?
False
Is 52 a factor of 624?
True
Is 1952 a multiple of 29?
False
Is 65 a factor of 29895?
False
Is 35 a factor of 5250?
True
Is 2145 a multiple of 87?
False
Does 100 divide 1200?
True
Is 13769 a multiple of 7?
True
Is 465 a multiple of 22?
False
Is 299 a multiple of 30?
False
Is 54 a multiple of 9?
True
Is 702 a multiple of 12?
False
Does 77 divide 2156?
True
Is 13019 a multiple of 4?
False
Is 9344 a multiple of 128?
True
Does 18 divide 3155?
False
Is 47 a multiple of 11?
False
Is 336 a multiple of 7?
True
Is 60 a factor of 6240?
True
Is 4224 a multiple of 22?
True
Is 2599 a multiple of 23?
True
Is 8 a factor of 440?
True
Is 1422 a multiple of 9?
True
Does 31 divide 11812?
False
Is 30960 a multiple of 10?
True
Is 25 a factor of 19989?
False
Does 26 divide 104?
True
Does 6 divide 8699?
False
Does 37 divide 740?
True
Does 14 divide 2352?
True
Is 423 a multiple of 9?
True
Is 53 a factor of 924?
False
Is 2613 a multiple of 13?
True
Does 16 divide 4448?
True
Is 10 a factor of 55703?
False
Does 8 divide 165?
False
Is 4950 a multiple of 33?
True
Does 24 divide 4896?
True
Is 1220 a multiple of 5?
True
Is 1330 a multiple of 7?
True
Is 12 a factor of 14724?
True
Is 3 a factor of 57?
True
Does 13 divide 20099?
False
Does 82 divide 984?
True
Does 10 divide 648?
False
Is 65 a factor of 4636?
False
Is 62 a factor of 1550?
True
Is 50 a factor of 13762?
False
Is 8 a factor of 1075?
False
Does 15 divide 38565?
True
Is 40 a factor of 1088?
False
Is 14 a factor of 350?
True
Does 55 divide 4730?
True
Does 42 divide 5745?
False
Is 2 a factor of 464?
True
Is 164 a factor of 45442?
False
Is 6 a factor of 438?
True
Is 14102 a multiple of 4?
False
Is 123 a factor of 5781?
True
Does 15 divide 210?
True
Does 28 divide 30128?
True
Is 50 a factor of 237?
False
Does 92 divide 13677?
False
Does 3 divide 4983?
True
Is 20 a factor of 292?
False
Is 1998 a multiple of 36?
False
Is 91 a factor of 2730?
True
Does 8 divide 1792?
True
Is 14 a factor of 1568?
True
Does 50 divide 1000?
True
Does 53 divide 2346?
False
Does 28 divide 322?
False
Does 6 divide 52?
False
Does 5 divide 3764?
False
Is 2044 a multiple of 28?
True
Is 670 a multiple of 24?
False
Is 37328 a multiple of 3?
False
Does 10 divide 864?
False
Is 24 a factor of 20744?
False
Is 202 a factor of 22257?
False
Is 13 a factor of 1285?
False
Is 55 a factor of 1827?
False
Is 441 a multiple of 63?
True
Is 10 a factor of 1210?
True
Is 9 a factor of 481?
False
Is 1036 a multiple of 3?
False
Does 6 divide 366?
True
Is 8644 a multiple of 6?
False
Is 188 a multiple of 19?
False
Is 23 a factor of 414?
True
Is 1629 a multiple of 105?
False
Does 31 divide 2459?
False
Is 4326 a multiple of 41?
False
Is 23 a factor of 42987?
True
Is 23 a factor of 322?
True
Is 35 a factor of 21000?
True
Is 2508 a multiple of 57?
True
Does 13 divide 1664?
True
Is 12 a factor of 144?
True
Does 45 divide 8369?
False
Is 105 a multiple of 21?
True
Is 100 a factor of 11579?
False
Does 209 divide 5434?
True
Is 14 a factor of 52789?
False
Is 45 a factor of 84661?
False
Is 296 even?
True
Is 12816 a multiple of 35?
False
Does 332 divide 9296?
True
Does 31 divide 33232?
True
Is 195 a multiple of 5?
True
Is 63 a factor of 882?
True
Is 15 a factor of 29408?
False
Is 72 a factor of 947?
False
Does 24 divide 7392?
True
Does 31 divide 13682?
False
Does 9 divide 11736?
True
Is 9 a factor of 22165?
False
Is 1098 a multiple of 10?
False
Does 14 divide 27964?
False
Is 5 a factor of 750?
True
Is 1276 a multiple of 58?
True
Is 7670 a multiple of 175?
False
Does 75 divide 18075?
True
Is 5 a factor of 814?
False
Does 6 divide 4674?
True
Is 1095 a multiple of 73?
True
Is 11 a factor of 13882?
True
Is 14 a factor of 15456?
True
Is 24 a factor of 40619?
False
Is 19085 a multiple of 11?
True
Is 9 a factor of 1755?
True
Does 17 divide 2155?
False
Does 49 divide 4516?
False
Does 42 divide 1075?
False
Is 131 a factor of 31974?
False
Does 12 divide 6636?
True
Is 6084 a multiple of 36?
True
Does 34 divide 4930?
True
Does 3 divide 2491?
False
Is 11122 a multiple of 67?
True
Is 6 a factor of 528?
True
Is 966 a m